37a + -1?
-637b
In base 5, what is -1 + 222320?
222314
In base 5, what is -3 + 2244203?
2244200
In base 12, what is 135 + -a3a?
-905
In base 2, what is -1001010010010111111 - -100?
-1001010010010111011
In base 8, what is 3777 + -542?
3235
In base 15, what is -41 + -4045?
-4086
In base 10, what is 1 + -83238?
-83237
In base 6, what is 3454435 - 15?
3454420
In base 8, what is -1 - -341541?
341540
In base 13, what is 1 + 3665?
3666
In base 2, what is -11100111110000011000 + -101?
-11100111110000011101
In base 3, what is -10020010 + 111?
-10012122
In base 11, what is 23 + -54838?
-54815
In base 8, what is -12177 - 21?
-12220
In base 7, what is 544 + -321?
223
In base 11, what is 87 - -2a68?
3044
In base 3, what is 1120 + -21020?
-12200
In base 14, what is 1bcc + -7d?
1b4d
In base 16, what is -25 + 13f89?
13f64
In base 2, what is -100 + 11011101010011011111?
11011101010011011011
In base 10, what is 740457 - 5?
740452
In base 9, what is -5 + -20825?
-20831
In base 12, what is 5 + 3795?
379a
In base 7, what is -40 - 13251?
-13321
In base 7, what is -30414 + 212?
-30202
In base 6, what is 3224 - -540?
4204
In base 2, what is 1011101010 - -111010110001?
1000110011011
In base 3, what is 1012220100212 - 1?
1012220100211
In base 12, what is 301 - 13?
2aa
In base 7, what is -2334612 + 2?
-2334610
In base 8, what is -102 - 1114?
-1216
In base 4, what is 20 - 1131310?
-1131230
In base 8, what is -3624 + -1644?
-5470
In base 11, what is -93999 + 14?
-93985
In base 7, what is 264 + -410?
-113
In base 3, what is -1111200 + -1200?
-1120100
In base 14, what is 4783d + -4?
47839
In base 14, what is 10883 + -c?
10875
In base 5, what is -1033411 + 4?
-1033402
In base 2, what is 1 + 110001111101101?
110001111101110
In base 13, what is -24c + c7?
-155
In base 16, what is -5 - bcd1?
-bcd6
In base 10, what is 94 + -9400?
-9306
In base 14, what is b0b + 27?
b34
In base 9, what is -5 - 237051?
-237056
In base 14, what is 1 + -960cd?
-960cc
In base 6, what is -22 - 50455?
-50521
In base 2, what is -1 - -101000100101101101010?
101000100101101101001
In base 15, what is -11 + -14c4?
-14d5
In base 15, what is -a - -4230?
4225
In base 8, what is 11 + 407?
420
In base 12, what is 36846 - -7?
36851
In base 13, what is -1 + 885?
884
In base 2, what is -1100110111100 - -1111?
-1100110101101
In base 6, what is -5323512 + 4?
-5323504
In base 13, what is -289 - -27c?
-a
In base 15, what is -5639 - -48?
-55e1
In base 11, what is 5 - -8892?
8897
In base 3, what is -1211102110 - 2122?
-1211112002
In base 2, what is 110010100001010111 - 101?
110010100001010010
In base 10, what is 21881 - -67?
21948
In base 13, what is 0 - -77640?
77640
In base 2, what is -10010111110101 + 10?
-10010111110011
In base 5, what is -11224411 + 0?
-11224411
In base 14, what is -588 - -d?
-579
In base 8, what is -174336 - 41?
-174377
In base 9, what is 353631 - 4?
353626
In base 16, what is -6 + -38df0?
-38df6
In base 4, what is 1002 - 120233320?
-120232312
In base 9, what is 81 + -45121?
-45030
In base 13, what is -75 + -160?
-205
In base 6, what is 1 - -305355?
305400
In base 10, what is 2120 - -6?
2126
In base 4, what is 12 - 2102202?
-2102130
In base 4, what is -2121213 + 31?
-2121122
In base 16, what is -b + 327?
31c
In base 15, what is 174d95 - 2?
174d93
In base 8, what is 4416 - 174?
4222
In base 6, what is 1215322 + 3?
1215325
In base 16, what is -376 - -8?
-36e
In base 7, what is 44064155 - 4?
44064151
In base 9, what is -20436 + -2?
-20438
In base 10, what is 5 - 65371?
-65366
In base 4, what is 1101200 + 1?
1101201
In base 15, what is 1c06 - 7?
1bee
In base 3, what is -20020201122 + 112?
-20020201010
In base 3, what is -1102011 + -21022?
-1200110
In base 6, what is 212 + 434213?
434425
In base 4, what is -13222333 + 0?
-13222333
In base 14, what is -15bd + 1?
-15bc
In base 16, what is 11ea + 23c?
1426
In base 13, what is 2649829 - 2?
2649827
In base 3, what is 1222102111 - 0?
1222102111
In base 11, what is 3 + -7a3a?
-7a37
In base 3, what is 22100201001 - 12?
22100200212
In base 12, what is -102b03 - 4?
-102b07
In base 11, what is 12 + -20a66?
-20a54
In base 13, what is 60b47 - -1?
60b48
In base 15, what is -78b + -16?
-7a2
In base 3, what is -2 + -202110112212?
-202110112221
In base 9, what is 2263345 + -2?
2263343
In base 16, what is 0 + -1511e?
-1511e
In base 5, what is 210 + -30310?
-30100
In base 15, what is -e - -c75?
c66
In base 2, what is -100 - 1001011000100110?
-1001011000101010
In base 10, what is -5 - 272967?
-272972
In base 9, what is -3520 + -4?
-3524
In base 2, what is 11101010010000111 - -111?
11101010010001110
In base 16, what is -5 + -38e5b?
-38e60
In base 8, what is 1 - -43770?
43771
In base 15, what is 1a9 - -7e?
238
In base 6, what is 1212414 - -45?
1212503
In base 4, what is 22 + 313201?
313223
In base 16, what is -171a + 4?
-1716
In base 4, what is 322 + 130311?
131233
In base 3, what is 111201 - -1122?
120100
In base 2, what is 100111010 + -1001011?
11101111
In base 5, what is -2 + -10233102?
-10233104
In base 15, what is -10d - -abd?
9b0
In base 3, what is 202202101 + -11?
202202020
In base 12, what is -18 - -3b169?
3b151
In base 4, what is 123023200 + -12?
123023122
In base 2, what is -1 + -110000001100101?
-110000001100110
In base 11, what is -20487 - -4?
-20483
In base 3, what is -1 - 100202012?
-100202020
In base 5, what is -114020 - -1?
-114014
In base 8, what is -54 + -402?
-456
In base 12, what is -1 - 14632?
-14633
In base 3, what is 1000 + -10022221011?
-10022220011
In base 5, what is 313 - 4301?
-3433
In base 6, what is 31 + -4041325?
-4041254
In base 8, what is 4 + 625663?
625667
In base 5, what is -1013202 - -13?
-1013134
In base 10, what is -1707 - 180?
-1887
In base 3, what is -111 - -1212220?
1212102
In base 15, what is 171cb + 28?
17204
In base 3, what is 11 - 20002012?
-20002001
In base 5, what is 1 + 13234144?
13234200
In base 15, what is 2 - 1530?
-152d
In base 7, what is 0 + -6200?
-6200
In base 5, what is -42423 + 140?
-42233
In base 8, what is -550 - 654?
-1424
In base 9, what is -16 + 5482?
5465
In base 2, what is 1001 - 11111010001?
-11111001000
In base 6, what is -1513543 + -4?
-1513551
In base 5, what is 0 + 32302311?
32302311
In base 5, what is -1431 + -121241?
-123222
In base 12, what is 236b99 + -2?
236b97
In base 13, what is -2 - 4350a?
-4350c
In base 16, what is 96cae + -6?
96ca8
In base 14, what is 4 + 108557?
10855b
In base 6, what is 21 - 320512?
-320451
In base 6, what is -122242 + -4?
-122250
In base 3, what is 112012121 + -100?
112012021
In base 3, what is -10110101 - -12?
-10110012
In base 7, what is 116516243 + -3?
116516240
In base 5, what is 4 - 10344330?
-10344321
In base 12, what is 1055 + -2a?
1027
In base 15, what is 4 + -253ab?
-253a7
In base 15, what is -5139 - 6b?
-51a5
In base 12, what is -6 + -3651?
-3657
In base 15, what is 4 - 50dc1?
-50dbc
In base 9, what is 0 + -7143?
-7143
In base 8, what is 0 - -447046?
447046
In base 5, what is -4 - 202302?
-202311
In base 7, what is -1412104 - -3?
-1412101
In base 16, what is 407ed - 3?
407ea
In base 11, what is -1 + -1a624?
-1a625
In base 6, what is -1323 + -54?
-1421
In base 5, what is 14 + 11001303?
11001322
In base 11, what is -6827 - 219?
-6a45
In base 16, what is -1fd + 2d9?
dc
In base 10, what is -10299 + -11?
-10310
In base 14, what is 48 - 4b23?
-4ab9
In base 11, what is -7 + 40a9?
40a2
In base 16, what is 4 + 748a3?
748a7
In base 8, what is 25 + -6036?
-6011
In base 9, what is 613042 + -2?
613040
In base 11, what is -2 + -71742?
-71744
In base 16, what is 31d - -6c0?
9dd
In base 10, what is -1 - -23550?
23549
In base 12, what is -5 + 18955?
18950
In base 16, what is 5 - -2efe0?
2efe5
In base 10, what is 161 + 2186?
2347
In base 3, what is 2 + -111020100?
-111020021
In base 7, what is -2 - -11541106?
11541104
In base 10, what is 1 + 31842?
31843
In base 4, what is 10203333 + -3?
10203330
In base 11, what is 7 - -6293?
629a
In base 9, what is -40 - -741?
701
In base 10, what is 2 - -596338?
596340
In base 5, what is 3 - 140302?
-140244
In base 15, what is 125 + 72?
197
In base 12, what is 38698 - -3?
3869b
In base 2, what is -111110100000 - -110110011?
-110111101101
In base 13, what is c66 - -4?
c6a
In base 8, what is 113 - -14347?
14462
In base 3, what is -12202 - -212022?